 of 108388487.
59, 1291, 1423
List the prime factors of 330653205.
3, 5, 241, 10163
List the prime factors of 29107377.
3, 13, 6379
List the prime factors of 188084744.
2, 157, 149749
What are the prime factors of 1470690714?
2, 3, 245115119
List the prime factors of 85171521.
3, 29, 37, 26459
List the prime factors of 537921658.
2, 43, 6254903
List the prime factors of 917381158.
2, 211, 2173889
List the prime factors of 2445472301.
1279, 1912019
List the prime factors of 608953580.
2, 5, 30447679
What are the prime factors of 248068586?
2, 107, 1159199
What are the prime factors of 32709926?
2, 359, 45557
List the prime factors of 24612711.
3, 193, 42509
List the prime factors of 1556221255.
5, 311244251
What are the prime factors of 44895502?
2, 31, 724121
What are the prime factors of 1468823427?
3, 163202603
List the prime factors of 1355823866.
2, 151, 4489483
What are the prime factors of 187922612?
2, 421, 111593
List the prime factors of 197216326.
2, 97, 233, 4363
List the prime factors of 639549168.
2, 3, 173, 77017
What are the prime factors of 169187175?
3, 5, 751943
What are the prime factors of 415077517?
16007, 25931
What are the prime factors of 1506811010?
2, 5, 150681101
List the prime factors of 3163014306.
2, 3, 3049, 19211
What are the prime factors of 202676448?
2, 3, 13, 17, 41, 233
List the prime factors of 281333260.
2, 5, 13, 907, 1193
What are the prime factors of 56797954?
2, 19, 61, 107, 229
List the prime factors of 330576159.
3, 317, 347609
What are the prime factors of 6340163660?
2, 5, 281, 1128143
List the prime factors of 208529362.
2, 23, 41, 110567
What are the prime factors of 3098795522?
2, 29, 59, 905551
List the prime factors of 62705902.
2, 7, 4478993
What are the prime factors of 12022272?
2, 3, 2609
What are the prime factors of 55067935?
5, 13, 31, 27329
List the prime factors of 2479195548.
2, 3, 68866543
What are the prime factors of 399580156?
2, 163, 612853
What are the prime factors of 20891206?
2, 7, 43, 34703
What are the prime factors of 520531260?
2, 3, 5, 8675521
List the prime factors of 45212664.
2, 3, 7, 23, 11701
What are the prime factors of 890230941?
3, 223, 443563
What are the prime factors of 2858801472?
2, 3, 73, 131, 173
List the prime factors of 50619893.
47, 563, 1913
List the prime factors of 1961241490.
2, 5, 13, 1087, 13879
List the prime factors of 508321727.
508321727
What are the prime factors of 40317042?
2, 3, 797, 8431
What are the prime factors of 1816542076?
2, 227, 2000597
List the prime factors of 102191674.
2, 13, 199, 19751
List the prime factors of 184514970.
2, 3, 5, 23, 267413
List the prime factors of 251757053.
127, 661, 2999
What are the prime factors of 33392733?
3, 11, 67, 1373
What are the prime factors of 536444700?
2, 3, 5, 11, 149, 1091
List the prime factors of 5317056980.
2, 5, 2543, 104543
What are the prime factors of 122195166?
2, 3, 20365861
What are the prime factors of 227191994?
2, 31, 1217, 3011
What are the prime factors of 426294838?
2, 29, 7349911
List the prime factors of 1360643226.
2, 3, 226773871
What are the prime factors of 58203777?
3, 23, 349, 2417
What are the prime factors of 876442183?
4549, 192667
What are the prime factors of 18822675?
3, 5, 250969
List the prime factors of 3217449779.
3217449779
List the prime factors of 7727298804.
2, 3, 281, 254623
List the prime factors of 1061938291.
19, 643, 86923
List the prime factors of 1102659136.
2, 17229049
List the prime factors of 66741337.
13, 17, 301997
What are the prime factors of 83038821?
3, 751, 36857
List the prime factors of 45409672.
2, 7, 11, 10531
What are the prime factors of 41277138?
2, 3, 7, 982789
What are the prime factors of 328445549?
367, 894947
What are the prime factors of 220684575?
3, 5, 2942461
What are the prime factors of 116103708?
2, 3, 7, 53, 8693
What are the prime factors of 1967222?
2, 19, 51769
List the prime factors of 160696695.
3, 5, 10713113
What are the prime factors of 559790134?
2, 53, 73, 991
List the prime factors of 2803644313.
19, 147560227
List the prime factors of 2529731182.
2, 11, 491, 234191
List the prime factors of 64665375.
3, 5, 172441
List the prime factors of 4131249130.
2, 5, 6521, 63353
What are the prime factors of 109859498?
2, 7, 67, 173, 677
What are the prime factors of 138232908?
2, 3, 11, 29, 12037
List the prime factors of 974607125.
5, 67, 116371
What are the prime factors of 194943062?
2, 97471531
What are the prime factors of 626790751?
271, 2312881
What are the prime factors of 2232885332?
2, 17, 32836549
What are the prime factors of 8478403332?
2, 3, 7, 37, 269, 10141
List the prime factors of 1136940010.
2, 5, 113694001
What are the prime factors of 204612254?
2, 7, 11, 19, 69929
What are the prime factors of 4000026?
2, 3, 666671
What are the prime factors of 4137520?
2, 5, 51719
List the prime factors of 58053726.
2, 3, 1075069
List the prime factors of 1290893083.
1290893083
What are the prime factors of 108527043?
3, 36175681
List the prime factors of 149156149.
6733, 22153
What are the prime factors of 752908463?
47, 16019329
What are the prime factors of 887606044?
2, 13, 233, 73259
What are the prime factors of 104618666?
2, 223, 234571
What are the prime factors of 8899731103?
4799, 1854497
What are the prime factors of 429611418?
2, 3, 7955767
List the prime factors of 74261027.
31, 79, 30323
What are the prime factors of 320076996?
2, 3, 41, 650563
What are the prime factors of 254086077?
3, 7, 271, 44647
What are the prime factors of 161816742?
2, 3, 107, 84017
What are the prime factors of 567410577?
3, 31, 37, 269, 613
List the prime factors of 139968779.
139968779
What are the prime factors of 2724954404?
2, 103, 461, 14347
List the prime factors of 65897332.
2, 41, 401813
List the prime factors of 198177959.
7, 17, 23, 61, 1187
List the prime factors of 4636857896.
2, 11, 52691567
List the prime factors of 104293647.
3, 11588183
What are the prime factors of 472984902?
2, 3, 13, 251, 8053
List the prime factors of 51155604.
2, 3, 263, 1801
List the prime factors of 13642718.
2, 359, 19001
List the prime factors of 532955262.
2, 3, 7, 1812773
What are the prime factors of 3206746383?
3, 1231, 868331
List the prime factors of 265491909.
3, 37, 797273
What are the prime factors of 406118950?
2, 5, 17, 167, 2861
List the prime factors of 625490689.
31, 20177119
List the prime factors of 64766031.
3, 11, 521, 3767
What are the prime factors of 21050631?
3, 7, 127, 877
What are the prime factors of 1125370862?
2, 7, 11, 17, 409, 1051
What are the prime factors of 383722669?
11, 43, 811253
List the prime factors of 61114911.
3, 11, 13, 43, 3313
What are the prime factors of 98078347?
73, 751, 1789
List the prime factors of 138275490.
2, 3, 5, 293, 15731
What are the prime factors of 6346627616?
2, 7, 28333159
What are the prime factors of 3364009838?
2, 7, 2137, 16063
List the prime factors of 905390446.
2, 23, 1277, 15413
List the prime factors of 2514544096.
2, 83, 946741
List the prime factors of 1175930936.
2, 17, 23, 31, 67, 181
What are the prime factors of 889740259?
889740259
List the prime factors of 10610152.
2, 7, 189467
What are the prime factors of 15956039?
11, 103, 14083
List the prime factors of 590891569.
23833, 24793
What are the prime factors of 125569759?
7, 47, 59, 6469
List the prime factors of 2625318436.
2, 13, 71, 251, 2833
What are the prime factors of 4671798232?
2, 5449, 107171
List the prime factors of 646096344.
2, 3, 26920681
What are the prime factors of 269444604?
2, 3, 11, 13, 157019
What are the prime factors of 499377459?
3, 7, 23779879
List the prime factors of 149992491.
3, 11, 53, 191, 449
List the prime factors of 3297897558.
2, 3, 17, 353, 10177
What are the prime factors of 3208155868?
2, 43, 18652069
List the prime factors of 85617628.
2, 29, 738083
What are the prime factors of 4455948248?
2, 19, 569, 51521
What are the prime factors of 2695493633?
7, 17, 22651207
What are the prime factors of 153443438?
2, 47, 79, 20663
List the prime factors of 4182069647.
7, 163, 3665267
What are the prime factors of 1438371868?
2, 241, 1492087
List the prime factors of 231317057.
1277, 181141
List the prime factors of 136289208.
2, 3, 11, 516247
What are the pr